5
Let p(d) = 197*d + 11267. Determine p(-57).
38
Let y(t) = t**2 + 106*t - 3257. Determine y(-131).
18
Let a(s) = -794*s**2 + 7942*s - 10. Give a(10).
10
Let j(a) = 6070*a + 127473. Give j(-21).
3
Let g(o) = -102*o + 2348. Calculate g(23).
2
Let z(b) = -b**3 + 15*b**2 + 22*b - 5. Give z(15).
325
Let r(o) = 173*o - 1708. Determine r(13).
541
Let w(z) = -2*z**2 - 159*z - 797. Give w(-74).
17
Let r(x) = 2*x**2 + 25*x + 8. Give r(0).
8
Let i(r) = 2*r**2 - 79*r - 937. Determine i(49).
-6
Let c(s) = s**3 + 25*s**2 + 10*s + 257. Calculate c(-25).
7
Let x(l) = -l**2 + 121*l + 750. Calculate x(-6).
-12
Let f(m) = -m**3 + 10*m**2 - 8*m - 49. Determine f(7).
42
Let k(m) = -m**2 + 15*m + 139. Determine k(23).
-45
Let b(r) = -r**3 - 326*r**2 + 5472*r + 10. Calculate b(-342).
10
Let j(d) = -2*d**2 - 167*d + 12265. Calculate j(47).
-2
Let z(m) = 3*m - 7. Calculate z(2).
-1
Let x(u) = -2*u**2 + 12*u - 20. Give x(3).
-2
Let s(c) = -c**3 + 3*c**2 - 7*c + 9. Give s(6).
-141
Let h(t) = 83*t - 313. Determine h(4).
19
Let y(i) = 2*i**3 - 6*i**2 - 45*i + 145. Determine y(4).
-3
Let k(c) = 3*c**3 - 45*c**2 - 31*c + 477. Determine k(15).
12
Let y(i) = 357*i + 13214. Determine y(-37).
5
Let z(t) = -t**3 + 11*t**2 + 47*t - 8. Give z(-4).
44
Let o(w) = 2*w**3 + w**2 + 7*w + 49. Calculate o(-4).
-91
Let x(s) = 447*s + 12546. Calculate x(-28).
30
Let v(f) = -182*f - 921. What is v(-6)?
171
Let a(c) = 4*c**2 + 20*c - 14. Give a(6).
250
Let u(v) = -606*v - 35202. Give u(-58).
-54
Let x(m) = -155*m - 330. Give x(-2).
-20
Let h(j) = -264*j + 274. Determine h(1).
10
Let u(y) = 254*y + 1533. Calculate u(-6).
9
Let n(m) = 3*m**2 - 33*m - 754. What is n(-13)?
182
Let q(n) = -n**3 + 23*n**2 - 9*n + 240. What is q(23)?
33
Let n(y) = y**2 - 10*y - 1203. Determine n(-30).
-3
Let f(z) = z**3 + 22*z**2 - 606*z + 71. Determine f(-38).
-5
Let a(l) = 18*l**2 - 528*l - 1541. Determine a(32).
-5
Let z(c) = -c**2 - 22*c + 1388. Give z(28).
-12
Let l(r) = 25*r**2 - 157*r + 47. Determine l(6).
5
Let d(s) = 31*s**2 + 77*s - 74. Calculate d(1).
34
Let z(u) = -u**2 - 29*u + 762. Calculate z(-45).
42
Let y(d) = 12*d + 1214. Give y(-100).
14
Let u(j) = 30*j - 29. What is u(-6)?
-209
Let m(x) = x**2 + 169*x + 6325. What is m(-56)?
-3
Let o(w) = w**3 + 8*w**2 - 53*w - 387. Give o(-6).
3
Let t(u) = 2*u**3 + 8*u**2 - 5*u - 5. Determine t(-6).
-119
Let x(h) = -h**3 - 13*h**2 - 17*h + 4. What is x(-9)?
-167
Let m(l) = 3*l**2 + 12*l - 9. Determine m(2).
27
Let z(a) = -a**2 - 21*a + 651. Give z(17).
5
Let z(n) = -n**2 - 66*n - 949. Calculate z(-50).
-149
Let i(b) = -2*b**3 - 143*b**2 + 219*b + 162. What is i(-73)?
162
Let a(n) = 69*n + 3748. Calculate a(-54).
22
Let g(p) = -20*p + 414. Calculate g(21).
-6
Let t(z) = -z**2 - 1927*z - 21090. Calculate t(-11).
-14
Let x(l) = -6*l**2 - 7*l - 46. Calculate x(6).
-304
Let k(d) = d**2 + 344*d - 2103. What is k(6)?
-3
Let f(t) = 2*t**3 + 29*t**2 - 10*t + 70. Give f(-15).
-5
Let x(l) = -45*l**2 - 4*l - 2. What is x(-1)?
-43
Let h(b) = -b**2 + 728*b - 11393. Calculate h(16).
-1
Let k(n) = n**3 + 28*n**2 - 6*n - 120. Give k(-28).
48
Let o(j) = j**2 - 339*j - 1691. Determine o(-5).
29
Let v(o) = -o**2 - 55*o + 2011. Calculate v(-80).
11
Let s(l) = 6*l + 62. Calculate s(70).
482
Let y(q) = -449*q + 14. Determine y(-1).
463
Let a(r) = 42*r + 3184. Calculate a(-75).
34
Let w(h) = 124*h + 4844. Give w(-39).
8
Let w(r) = 4*r**3 - 24*r**2 + 38*r - 8. Give w(4).
16
Let b(g) = -73*g**3 + 4*g**2 - 2*g - 1. Determine b(1).
-72
Let v(d) = 10*d**2 + 2422*d + 4845. What is v(-2)?
41
Let b(o) = -769*o - 22267. What is b(-29)?
34
Let s(m) = -21*m - 168. Determine s(-8).
0
Let s(c) = -2*c**2 + 14*c - 38. What is s(6)?
-26
Let c(b) = 52*b + 11. What is c(0)?
11
Let p(x) = -8773*x**2 - 2*x + 3. Calculate p(0).
3
Let u(y) = -9*y + 152. What is u(16)?
8
Let v(l) = 2*l**3 - 65*l**2 + 88*l - 15. Determine v(31).
-170
Let z(b) = 10*b + 46. Give z(18).
226
Let b(i) = 7*i**2 + 316*i + 642. What is b(-43)?
-3
Let c(b) = -7*b**2 - 16*b + 13. Calculate c(5).
-242
Let w(m) = -34*m - 138. Give w(-4).
-2
Let u(p) = -4*p**2 - 31*p - 22. Calculate u(-6).
20
Let o(a) = -328*a - 1. Determine o(0).
-1
Let b(h) = -15*h - 171. Determine b(-8).
-51
Let k(g) = -6*g**2 - 16*g + 17. Determine k(-7).
-165
Let y(v) = -v**2 + 21*v - 106. Calculate y(8).
-2
Let z(b) = b**2 - 7*b - 20. Determine z(20).
240
Let j(q) = -q**3 - 131*q**2 + 17*q + 2298. What is j(-131)?
71
Let j(v) = -5*v**2 - 11*v - 11. Determine j(-7).
-179
Let x(v) = 4*v**2 + 3375*v - 6745. Give x(2).
21
Let a(y) = -123*y + 24. Determine a(1).
-99
Let s(q) = 2*q**3 - 36*q**2 + 99*q - 1412. Calculate s(18).
370
Let t(j) = 76*j - 7. Calculate t(3).
221
Let h(l) = 11*l**2 - 12*l. Give h(4).
128
Let x(p) = -p**3 + 8*p**2 + 14*p - 38. Give x(3).
49
Let m(s) = s**3 - 189*s**2 - 578*s + 439. Calculate m(192).
55
Let f(k) = -k**3 - 69*k**2 + 84*k + 976. Determine f(-70).
-4
Let k(l) = -l**2 + 38*l - 33. What is k(0)?
-33
Let b(g) = 158*g + 5. Calculate b(1).
163
Let c(d) = d**2 - 34*d + 395. Determine c(20).
115
Let p(o) = 427*o - 9409. Calculate p(22).
-15
Let w(j) = 2*j**3 + 32*j**2 + 11*j - 23. What is w(-15)?
262
Let v(f) = -17*f + 242. Determine v(14).
4
Let d(n) = n**3 - 4*n**2 - 200*n + 5. Give d(0).
5
Let j(b) = 4*b**3 + 15*b**2 - 2*b - 1. What is j(-4)?
-9
Let t(z) = 8*z**2 + 711*z - 4554. Calculate t(6).
0
Let z(o) = 1991*o - 5982. Determine z(3).
-9
Let u(n) = n**3 + 84*n**2 + 322*n + 122. Calculate u(-80).
-38
Let f(s) = 7176*s + 57413. What is f(-8)?
5
Let x(k) = -5*k**2 - 9*k - 5. Determine x(-1).
-1
Let c(f) = 6*f**2 - 237*f + 543. Determine c(37).
-12
Let o(f) = -f**3 + 54*f**2 - 149*f - 211. Calculate o(51).
-7
Let j(h) = -189*h - 3593. Determine j(-19).
-2
Let u(x) = -10*x**3 + 2*x**2 + 10*x - 9. What is u(1)?
-7
Let q(t) = 18*t**2 + 82*t - 4. Determine q(-5).
36
Let k(i) = -29*i**2 + 317*i + 19. Calculate k(10).
289
Let x(p) = -10*p**2 - 7*p + 8. Determine x(2).
-46
Let g(j) = -166*j**2 + 498*j + 4. Determine g(3).
4
Let b(d) = -24*d - 424. What is b(-18)?
8
Let n(l) = -l**3 - 5*l**2 - 4*l - 4. What is n(-8)?
220
Let g(b) = -b**3 - 10*b**2 - 5*b - 8. Calculate g(-10).
42
Let g(i) = -2*i**2 - 18*i + 26. Calculate g(-7).
54
Let n(c) = -2*c**3 + 5*c**2 - 11*c + 67. Give n(5).
-113
Let t(x) = -130*x + 1013. Determine t(8).
-27
Let v(w) = -430*w - 76. What is v(1)?
-506
Let y(i) = -39*i**2 - 272*i - 29. Give y(-7).
-36
Let c(g) = -4*g**2 + 109*g - 334. Give c(3).
-43
Let q(p) = 8*p + 227. What is q(-30)?
-13
Let q(h) = 29*h**2 + 118*h + 8. Determine q(-4).
0
Let k(y) = -447*y + 1764. Give k(4).
-24
Let f(v) = -2*v**2 - 462*v + 1398. Calculate f(-234).
-6
Let k(n) = -n**2 + 491*n - 3873. Give k(8).
-9
Let g(j) = 9*j**3 - 70*j**2 + 99*j - 16. Calculate g(6).
2
Let t(z) = 236*z + 7330. Determine t(-31).
14
Let o(l) = -10*l - 159. Give o(-15).
-9
Let s(p) = -p**2 + 11*p - 50. What is s(10)?
-40
Let s(f) = -49*f + 530. Give s(11).
-9
Let p(j) = j**3 + 11*j**2 - 16*j - 32. Give p(-12).
16
Let o(i) = 10*i**2 - 39*i - 9. Determine o(4).
-5
Let n(p) = -16*p**2 + 17*p - 7. Calculate n(2).
-37
Let k(v) = 2*v**2 + 406*v + 1982. Give k(-198).
2
Let j(n) = -2*n**2 + 103*n - 278. Calculate j(48).
58
Let w(s) = -4*s**2 + 226*s - 66. What is w(55)?
264
Let s(d) = 24*d - 28. Determine s(2).
20
Let f(g) = 1120*g + 10057. What is f(-9)?
-23
Let v(h) = 2*h**3 + 9*h**2 - 11*h - 35. Calculate v(-6).
-77
Let v(u) = u**2 - 22*u - 626. Determine v(48).
622
Let p(s) = -s**2 - 4837*s + 29056. Determine p(6).
-2
Let g(o) = 29*o + 117. Give g(-1).
88
Let b(x) = 30*x + 175. Calculate b(-14).
-245
Let m(y) = y**3 - 15*y**2 + 9*y - 38. Determine m(15).
97
Let y(v) = -195*v - 587. Calculate y(-5).
388
Let t(n) = n**3 + n**2 - 60*n - 127. Calculate t(-2).
-11
Let n(x) = -x**3 - 11*x**2 - 34*x - 564. Give n(-12).
-12
Let f(l) = -156*l - 8. Calculate f(1).
-164
Let w(s) = 40*s**2 - 6*s - 5. Calculate w(-1).
41
Let f(d) = -2*d**3 + d**2 - 11*d - 7. What is f(-5)?
323
Let b(r) = -197*r + 1135. Calculate b(6).
-47
Let u(j) = -43*j + 129. Give u(8).
-215
Let u(g) = -g**2 + 38*g + 478. What is u(48)?
-2
Let n(v) = 15*v - 566. Determine n(38).
4
Let v(a) = 35*a + 1174. What is v(-37)?
-121
Let b(v) = -16*v + 18. Give b(2).
-14
Let a(l) = -l**3 - 84*l**2 - 84*l + 26. Calculate a(-83